t is the remainder when 6733 is divided by 1106?
97
Calculate the remainder when 5035124 is divided by 984.
980
What is the remainder when 32487 is divided by 1412?
11
What is the remainder when 9476 is divided by 9474?
2
Calculate the remainder when 20155 is divided by 35.
30
Calculate the remainder when 2221 is divided by 139.
136
Calculate the remainder when 2781 is divided by 32.
29
Calculate the remainder when 30741 is divided by 71.
69
What is the remainder when 1774 is divided by 37?
35
Calculate the remainder when 7264 is divided by 203.
159
Calculate the remainder when 989 is divided by 12.
5
Calculate the remainder when 50977 is divided by 58.
53
Calculate the remainder when 1277 is divided by 220.
177
Calculate the remainder when 3031 is divided by 1506.
19
Calculate the remainder when 41648 is divided by 1343.
15
What is the remainder when 682 is divided by 512?
170
What is the remainder when 37434 is divided by 382?
380
Calculate the remainder when 5208798 is divided by 17.
15
What is the remainder when 846173 is divided by 697?
15
What is the remainder when 18907 is divided by 2537?
1148
Calculate the remainder when 4246 is divided by 2112.
22
Calculate the remainder when 7964 is divided by 395.
64
Calculate the remainder when 13739 is divided by 1373.
9
Calculate the remainder when 34414 is divided by 733.
696
What is the remainder when 112 is divided by 49?
14
What is the remainder when 46654 is divided by 81?
79
Calculate the remainder when 40081 is divided by 20035.
11
What is the remainder when 3115 is divided by 160?
75
Calculate the remainder when 9823 is divided by 820.
803
Calculate the remainder when 389 is divided by 133.
123
What is the remainder when 269912 is divided by 1459?
1456
Calculate the remainder when 2870 is divided by 49.
28
Calculate the remainder when 4964 is divided by 118.
8
What is the remainder when 13060 is divided by 65?
60
Calculate the remainder when 29539 is divided by 656.
19
What is the remainder when 28249 is divided by 81?
61
What is the remainder when 4761 is divided by 184?
161
Calculate the remainder when 319881 is divided by 92.
89
What is the remainder when 3753 is divided by 533?
22
Calculate the remainder when 36676 is divided by 281.
146
Calculate the remainder when 276694 is divided by 252.
250
What is the remainder when 256460 is divided by 4?
0
What is the remainder when 3578611 is divided by 20?
11
Calculate the remainder when 16753 is divided by 509.
465
What is the remainder when 2593 is divided by 373?
355
What is the remainder when 5070 is divided by 460?
10
What is the remainder when 5215558 is divided by 735?
733
Calculate the remainder when 79474 is divided by 275.
274
Calculate the remainder when 1907 is divided by 330.
257
Calculate the remainder when 638870 is divided by 591.
590
What is the remainder when 8165 is divided by 2701?
62
Calculate the remainder when 24075 is divided by 3990.
135
What is the remainder when 2092 is divided by 96?
76
What is the remainder when 6945 is divided by 783?
681
What is the remainder when 6433 is divided by 55?
53
Calculate the remainder when 37803 is divided by 139.
134
What is the remainder when 179168 is divided by 1614?
14
Calculate the remainder when 42216 is divided by 209.
207
What is the remainder when 11819 is divided by 194?
179
Calculate the remainder when 44727 is divided by 844.
839
Calculate the remainder when 28371 is divided by 2023.
49
Calculate the remainder when 11288 is divided by 1608.
32
What is the remainder when 5247 is divided by 78?
21
What is the remainder when 52744 is divided by 141?
10
Calculate the remainder when 316 is divided by 170.
146
Calculate the remainder when 198076 is divided by 52.
8
Calculate the remainder when 44600 is divided by 13.
10
What is the remainder when 12035 is divided by 11598?
437
Calculate the remainder when 2959 is divided by 1468.
23
What is the remainder when 83100 is divided by 385?
325
Calculate the remainder when 17636 is divided by 43.
6
Calculate the remainder when 1598 is divided by 154.
58
Calculate the remainder when 24504 is divided by 980.
4
Calculate the remainder when 2419 is divided by 93.
1
Calculate the remainder when 7177 is divided by 944.
569
Calculate the remainder when 10031 is divided by 3100.
731
Calculate the remainder when 549182 is divided by 23.
11
What is the remainder when 106395 is divided by 67?
66
What is the remainder when 1226 is divided by 182?
134
What is the remainder when 100537 is divided by 211?
101
Calculate the remainder when 2858650 is divided by 1377.
1375
Calculate the remainder when 645538 is divided by 7.
5
Calculate the remainder when 17842 is divided by 618.
538
What is the remainder when 3456 is divided by 214?
32
Calculate the remainder when 10018 is divided by 2503.
6
What is the remainder when 1668 is divided by 182?
30
Calculate the remainder when 8426 is divided by 50.
26
Calculate the remainder when 87880 is divided by 1.
0
What is the remainder when 1891 is divided by 68?
55
Calculate the remainder when 11096 is divided by 10945.
151
Calculate the remainder when 516 is divided by 156.
48
What is the remainder when 2779 is divided by 612?
331
What is the remainder when 9139 is divided by 294?
25
What is the remainder when 615 is divided by 578?
37
Calculate the remainder when 75811 is divided by 25.
11
What is the remainder when 5010 is divided by 169?
109
Calculate the remainder when 3018 is divided by 1496.
26
Calculate the remainder when 4899 is divided by 162.
39
What is the remainder when 667319 is divided by 95330?
9
What is the remainder when 13390 is divided by 252?
34
Calculate the remainder when 1508 is divided by 10.
8
Calculate the remainder when 314045 is divided by 119.
4
What is the remainder when 796 is divided by 88?
4
What is the remainder when 45237 is divided by 27?
12
What is the remainder when 1669 is divided by 480?
229
What is the remainder when 495614 is divided by 1294?
12
Calculate the remainder when 3709 is divided by 372.
361
What is the remainder when 270835 is divided by 785?
10
What is the remainder when 85763 is divided by 38?
35
What is the remainder when 3691 is divided by 727?
56
What is the remainder when 44021 is divided by 10803?
809
What is the remainder when 387130 is divided by 94?
38
Calculate the remainder when 6083 is divided by 95.
3
What is the remainder when 47579 is divided by 26?
25
Calculate the remainder when 5497 is divided by 1820.
37
What is the remainder when 22707 is divided by 632?
587
What is the remainder when 15218 is divided by 5069?
11
Calculate the remainder when 7581 is divided by 630.
21
Calculate the remainder when 899 is divided by 876.
23
What is the remainder when 9131 is divided by 195?
161
Calculate the remainder when 33937 is divided by 290.
7
What is the remainder when 8924 is divided by 2176?
220
Calculate the remainder when 20749 is divided by 716.
701
What is the remainder when 67911 is divided by 15?
6
Calculate the remainder when 18157 is divided by 2593.
6
What is the remainder when 21031 is divided by 3889?
1586
Calculate the remainder when 6850 is divided by 112.
18
Calculate the remainder when 1164863 is divided by 65.
63
What is the remainder when 741 is divided by 186?
183
Calculate the remainder when 10691 is divided by 591.
53
Calculate the remainder when 1505733 is divided by 188215.
13
Calculate the remainder when 116507 is divided by 38824.
35
What is the remainder when 150723 is divided by 28?
27
What is the remainder when 90025 is divided by 3462?
13
Calculate the remainder when 384441 is divided by 310.
41
What is the remainder when 1789 is divided by 94?
3
What is the remainder when 13841 is divided by 422?
337
What is the remainder when 670 is divided by 88?
54
What is the remainder when 4535 is divided by 61?
21
What is the remainder when 453 is divided by 371?
82
Calculate the remainder when 3273 is divided by 91.
88
What is the remainder when 2646 is divided by 125?
21
What is the remainder when 38558 is divided by 36?
2
Calculate the remainder when 971693 is divided by 22.
19
Calculate the remainder when 61380 is divided by 52.
20
Calculate the remainder when 8551 is divided by 533.
23
Calculate the remainder when 1609